 -4 (base 5) to base 11.
-4
Convert 30 (base 7) to base 12.
19
What is -1023 (base 4) in base 2?
-1001011
What is -14 (base 6) in base 8?
-12
-115 (base 6) to base 9
-52
42 (base 13) to base 16
36
Convert 12 (base 4) to base 2.
110
-13 (base 6) to base 5
-14
9 (base 12) to base 8
11
What is -6 (base 7) in base 16?
-6
-2210 (base 3) to base 8
-113
4 (base 9) to base 4
10
-3a (base 13) to base 14
-37
What is -10011000 (base 2) in base 11?
-129
What is 1a (base 12) in base 10?
22
-4 (base 9) to base 3
-11
What is -2 (base 13) in base 15?
-2
Convert -3 (base 6) to base 11.
-3
Convert 22 (base 7) to base 8.
20
What is -21 (base 7) in base 5?
-30
Convert 1 (base 12) to base 4.
1
6 (base 11) to base 10
6
Convert 1 (base 16) to base 8.
1
Convert 0 (base 10) to base 2.
0
3 (base 11) to base 5
3
Convert -2 (base 5) to base 15.
-2
12 (base 15) to base 6
25
What is -54 (base 15) in base 10?
-79
Convert 2030 (base 4) to base 3.
12012
-5 (base 10) to base 2
-101
-1100 (base 2) to base 10
-12
129 (base 10) to base 15
89
16 (base 9) to base 12
13
Convert -18 (base 13) to base 6.
-33
Convert 203 (base 4) to base 16.
23
What is -11 (base 4) in base 8?
-5
What is 23 (base 5) in base 2?
1101
Convert 4 (base 10) to base 16.
4
What is -9 (base 14) in base 11?
-9
-20 (base 6) to base 5
-22
-1 (base 16) to base 14
-1
Convert -11 (base 5) to base 2.
-110
What is -1000 (base 3) in base 9?
-30
What is 36 (base 16) in base 3?
2000
-1211 (base 4) to base 16
-65
4 (base 12) to base 6
4
b (base 16) to base 7
14
-13 (base 4) to base 16
-7
What is -1 (base 11) in base 5?
-1
What is -3 (base 4) in base 3?
-10
Convert -10 (base 16) to base 3.
-121
-1 (base 5) to base 2
-1
Convert -6 (base 11) to base 12.
-6
Convert -3 (base 16) to base 8.
-3
-42 (base 8) to base 12
-2a
Convert 10022 (base 3) to base 7.
155
Convert -30 (base 8) to base 9.
-26
67 (base 14) to base 16
5b
Convert 2 (base 7) to base 13.
2
102 (base 5) to base 8
33
9 (base 13) to base 12
9
Convert 31 (base 6) to base 5.
34
-1 (base 16) to base 4
-1
8c (base 15) to base 16
84
110000 (base 2) to base 9
53
What is 153 (base 8) in base 16?
6b
-7 (base 16) to base 6
-11
Convert -193 (base 10) to base 6.
-521
What is 2 (base 3) in base 2?
10
What is -1102 (base 5) in base 7?
-305
Convert -1110 (base 3) to base 2.
-100111
40 (base 13) to base 14
3a
What is 200 (base 7) in base 11?
8a
What is -32 (base 4) in base 14?
-10
What is 4 (base 15) in base 9?
4
-b1 (base 12) to base 3
-11221
12010 (base 3) to base 13
a8
What is -1 (base 2) in base 4?
-1
What is -4 (base 7) in base 8?
-4
-10 (base 3) to base 6
-3
1 (base 5) to base 16
1
-c (base 14) to base 10
-12
Convert -4 (base 6) to base 14.
-4
Convert -2 (base 9) to base 4.
-2
10 (base 5) to base 7
5
Convert 1101 (base 4) to base 10.
81
Convert -9 (base 12) to base 9.
-10
What is 0 (base 8) in base 14?
0
-10 (base 2) to base 13
-2
Convert 4 (base 11) to base 12.
4
Convert -23 (base 4) to base 7.
-14
-bf (base 16) to base 3
-21002
102 (base 10) to base 11
93
Convert -11 (base 16) to base 8.
-21
10000 (base 2) to base 9
17
3 (base 16) to base 2
11
What is 0 (base 12) in base 16?
0
Convert 322 (base 7) to base 3.
20001
Convert -25 (base 10) to base 6.
-41
3b (base 12) to base 6
115
10 (base 2) to base 10
2
What is -31 (base 4) in base 14?
-d
2 (base 8) to base 11
2
1135 (base 6) to base 15
135
b8 (base 15) to base 12
125
Convert -2 (base 16) to base 7.
-2
What is -5 (base 10) in base 8?
-5
-10 (base 3) to base 4
-3
Convert 1 (base 12) to base 16.
1
-206 (base 7) to base 3
-10212
Convert -48 (base 10) to base 2.
-110000
21 (base 3) to base 12
7
Convert 0 (base 15) to base 7.
0
Convert 4 (base 13) to base 15.
4
Convert -93 (base 15) to base 13.
-a8
What is 2 (base 13) in base 12?
2
Convert -131 (base 5) to base 10.
-41
Convert 19 (base 15) to base 11.
22
-1101100 (base 2) to base 12
-90
132 (base 7) to base 10
72
Convert 1 (base 5) to base 6.
1
What is -3 (base 8) in base 15?
-3
Convert -16 (base 12) to base 16.
-12
-5f (base 16) to base 4
-1133
10010 (base 3) to base 7
150
-12 (base 8) to base 12
-a
What is -1d (base 15) in base 14?
-20
Convert 42 (base 11) to base 7.
64
-4 (base 15) to base 11
-4
-211 (base 4) to base 5
-122
Convert -4 (base 9) to base 6.
-4
Convert 11 (base 16) to base 12.
15
Convert 3 (base 10) to base 8.
3
0 (base 10) to base 16
0
Convert 111 (base 2) to base 14.
7
Convert -114 (base 6) to base 3.
-1201
Convert 30 (base 9) to base 13.
21
What is 327 (base 8) in base 16?
d7
0 (base 16) to base 8
0
Convert -204 (base 5) to base 2.
-110110
Convert 510 (base 8) to base 10.
328
What is -6a (base 15) in base 2?
-1100100
-1000001 (base 2) to base 7
-122
Convert -12 (base 13) to base 7.
-21
What is -10 (base 3) in base 15?
-3
-100 (base 2) to base 10
-4
-5 (base 11) to base 15
-5
Convert 252 (base 6) to base 4.
1220
Convert 163 (base 9) to base 7.
255
What is -1 (base 12) in base 3?
-1
-3 (base 13) to base 4
-3
What is -11 (base 2) in base 8?
-3
Convert 0 (base 13) to base 11.
0
Convert c (base 14) to base 13.
c
Convert -136 (base 10) to base 12.
-b4
16 (base 11) to base 2
10001
Convert -2c (base 14) to base 4.
-220
-33 (base 10) to base 5
-113
What is 2 (base 11) in base 7?
2
e (base 15) to base 6
22
Convert 66 (base 11) to base 3.
2200
Convert -79 (base 13) to base 14.
-72
23 (base 16) to base 12
2b
Convert -5 (base 16) to base 8.
-5
Convert 1a (base 16) to base 2.
11010
0 (base 9) to base 10
0
153 (base 12) to base 14
10b
e (base 15) to base 12
12
What is 1000 (base 2) in base 4?
20
What is 3 (base 12) in base 4?
3
What is 2 (base 3) in base 4?
2
Convert a (base 15) to base 10.
10
Convert -10101 (base 2) to base 15.
-16
What is 4 (base 16) in base 6?
4
Convert -68 (base 15) to base 9.
-118
What is 10101 (base 2) in base 7?
30
What is -7 (base 8) in base 16?
-7
What is -160 (base 7) in base 2?
-1011011
-13 (base 12) to base 16
-f
Convert -1 (base 5) to base 16.
-1
-6c (base 14) to base 8
-140
Convert 4 (base 9) to base 5.
4
What is 6 (base 11) in base 12?
6
5 (base 16) to base 5
10
Convert -100 (base 2) to base 11.
-4
Convert -10 (base 2) to base 14.
-2
What is -d (base 16) in base 6?
-21
Convert 101 (base 3) to base 5.
20
-a (base 11) to base 6
-14
1a (base 12) to base 16
16
What is 111011 (base 2) in base 15?
3e
-1001 (base 2) to base 15
-9
10010 (base 2) to base 16
12
Convert 2 (base 9) to base 16.
2
What is 12200 (base 3) in base 13?
ba
Convert -11 (base 8) to base 6.
-13
Convert 4 (base 10) to base 11.
4
What is 242 (base 10) in base 15?
112
Convert 1200 (base 3) to base 6.
113
-12120 (base 3) to base 9
-176
-10 (base 2) to base 9
-2
Convert 190 (base 15) to base 11.
2a8
Convert 52 (base 6) to base 16.
20
What is -12 (base 15) in base 7?
-23
-1 (base 9) to base 15
-1
Convert 2 (base 16) to base 11.
2
240 (base 9) to base 2
11000110
What is 153 (base 8) in base 5?
412
What is 421 (base 5) in base 4?
1233
88 (base 9) to base 14
5a
Convert 7 (base 11) to base 13.
7
-109 (base 13) to base 2
-10110010
Convert -7 (base 16) to base 2.
-111
0 (base 7) to base 12
0
102 (base 5) to base 11
25
9 (base 11) to base 10
9
-5 (base 10) to base 8
-5
-1 (base 10) to base 6
-1
Convert a (base 12) to base 7.
13
10 (base 10) to base 4
22
Convert -4 (base 7) to base 4.
-10
What is 3 (base 11) in base 10?
3
22 (base 15) to base 5
112
1101 (base 2) to base 10
13
-3 (base 14) to base 5
-3
What is -1 (base 10) in base 12?
-1
120121 (base 3) to base 7
1141
Convert -10 (base 6) to base 3.
-20
Convert -8b (base 13) to base 11.
-a5
What is 0 (base 14) in base 9?
0
-113 (base 4) to base 12
-1b
What is -10110 (base 2) in base 3?
-211
What is 71 (base 14) in base 16?
63
Convert -4 (base 9) to base 15.
-4
What is -3 (base 13) in base 16?
-3
What is 10 (base 2) in base 3?
2
What is -3d (base 16) in base 6?
-141
Convert -2 (base 4) to base 3.
-2
Convert 144 (base 7) to base 15.
56
Convert -1000 (base 2) to base 5.
-13
What is -76 (base 9) in base 12?
-59
What is 123 (base 12) in base 8?
253
94 (base 14) to base 8
202
Convert -6a (base 16) to base 14.
-78
What is 25 (base 7) in base 16?
13
83 (base 9) to base 14
55
What is 215 (base 6) in base 15?
58
Convert 5 (base 12) to base 11.
5
Convert 30 (base 6) to base 16.
12
What is 344 (base 10) in base 15?
17e
Convert 1 (base 13) to base 4.
1
What i